 7. Let i(z) = 4*d(z) - t(z). Let w be i(-5). Suppose 1 = -w*r + 19. What are the prime factors of r?
3
Let p(g) = -2*g**2 + g + 2. Let j be p(-2). Let w(r) = -3*r + 8. Let n(z) = 5*z - 12. Let t(f) = j*w(f) - 5*n(f). What are the prime factors of t(-8)?
2
Let p(a) = -a - 1. Let c(d) = -1. Let w(l) = -3*c(l) + 2*p(l). Let y(v) = v + 1. Let o(z) = w(z) + 3*y(z). List the prime factors of o(3).
7
Suppose -6*q - 363 + 1155 = 0. What are the prime factors of q?
2, 3, 11
Let p be (-2 - (-2 + 1))*-6. Let r(t) = -2*t**2 + p + 4 - 7*t**2 - t**3. List the prime factors of r(-9).
2, 5
Let i(v) = v**3 + 2*v**2 + 2*v - 4. Let q be i(3). What are the prime factors of (-20)/30 - q/(-3)?
3, 5
Let r(l) = 26*l + 12. What are the prime factors of r(3)?
2, 3, 5
What are the prime factors of 2/6 - (-220)/15?
3, 5
Let y = 10 - 9. Let g = 2 - y. Suppose -g = -3*s + 32. List the prime factors of s.
11
Let l(v) = -v**3 + 7*v**2 + 7*v + 2. Let m be l(8). Let t be 8/3*m/(-4). Suppose t*w - 17 = 35. What are the prime factors of w?
13
Let p = -55 - -32. Let c = 33 + p. What are the prime factors of c?
2, 5
Let r(l) = 20*l**3 + l**2 - 2*l + 1. What are the prime factors of r(1)?
2, 5
Let h(o) = -2*o**2 - 11*o + o**2 - 3 - 8. What are the prime factors of h(-8)?
13
Let k = 400 - 132. List the prime factors of k.
2, 67
Let h(r) = r**2 - 6*r + 4. Let w(v) = -7*v**2 + v. Let m be w(-1). Let p = m - -14. What are the prime factors of h(p)?
2
Let m = 6 - -7. List the prime factors of m.
13
Suppose 6*j = j - 5*a + 135, -124 = -4*j + 4*a. What are the prime factors of j?
29
Let t be (-34)/(-9) + (-6)/(-27). Suppose -8*h + 103 = -t*h - 3*s, -6 = -2*s. Suppose -3*x + 5*k = 4, 5 + h = 4*x + k. What are the prime factors of x?
7
Let s(w) = -6*w**2 - w**3 + 10*w - w**2 - 3*w**2 - 3. What are the prime factors of s(-11)?
2
Let g(z) = -9*z**2 - 7*z - 2. Let i(l) = -5*l**2 - 4*l - 1. Let s(j) = -3*g(j) + 5*i(j). Suppose -4*w + 8 = -2*x, 4 = 3*w - 5. List the prime factors of s(x).
11
List the prime factors of -3*(-4 + (-388)/3).
2, 5
Suppose -4 = g + 3*g. Let d(m) = 4*m**2 + m + 1. Let b be d(g). Suppose -x = b*x - 50. List the prime factors of x.
2, 5
Let x(g) = 4*g + 5. What are the prime factors of x(6)?
29
Suppose 107 = t + 3*t - 5*h, 0 = 2*t - 3*h - 53. What are the prime factors of t?
2, 7
Suppose -6*b = 5*s - b - 15, 5*s - 4*b - 6 = 0. Suppose -2*c + 2*q = q, 2*c = -s*q - 12. List the prime factors of 1/(c - 33/(-15)).
5
Let f(l) = l**2 - 4*l - 3. Let j be f(5). Suppose 0 = 3*m + j*i - 0*i - 68, -2*m + 5*i + 58 = 0. What are the prime factors of m?
2, 3
Let q = -6 + 8. Suppose 0 = -4*s + q*s + 30. What are the prime factors of s?
3, 5
Let y(t) = t**2 + 1. Let x be y(2). Suppose 7 = -2*g + 5*j, -8*j + 65 = x*g - 4*j. List the prime factors of g.
3
Suppose 0 = 16*s - 1602 - 3326. List the prime factors of s.
2, 7, 11
Let x = -10 + 15. Suppose x*h + 0*h = 190. List the prime factors of h.
2, 19
Let i = -80 - -52. What are the prime factors of 212/7 - (-8)/i?
2, 3, 5
Suppose 6 + 4 = 5*j. Let v(p) = 4*p**2 + j + 2*p + 2*p - p. What are the prime factors of v(-2)?
2, 3
Suppose -g - r + 71 = 2*g, 3*g - 68 = -4*r. What are the prime factors of g?
2, 3
Suppose 0*r - 5*r - q + 220 = 0, -4*r + 3*q = -176. Suppose 4*d = -r - 216. What are the prime factors of d/(-35) + (-1)/(-7)?
2
Let u(q) = -q + 8. Let h be u(8). Let p(r) = r**2 + r + 18. What are the prime factors of p(h)?
2, 3
Let t(i) = -18*i + 6. What are the prime factors of t(-2)?
2, 3, 7
Let d = 124 - 25. What are the prime factors of d?
3, 11
Let v(p) = p**2 - 9*p + 11. Let s be -4 + 9/3 - -9. Let o be v(s). What are the prime factors of o*22/(-18)*-3?
11
Suppose -3*m + 0*m = 5*q - 19, -4*m + 60 = -2*q. Suppose -3*o + 5*v = 2*o - 80, -o + 4*v = -m. List the prime factors of o.
17
Let r = -2 + 46. List the prime factors of r.
2, 11
Let i(o) = -o**3 - 6*o**2 + 9*o + 20. What are the prime factors of i(-8)?
2, 19
Let l(s) = -22*s - 78. What are the prime factors of l(-14)?
2, 5, 23
Let f = 14 - 12. Suppose -f*u = -70 - 24. List the prime factors of u.
47
Suppose 0 = -3*y + 2*y. Let v(g) = -2*g - 3. Let p be v(2). List the prime factors of (-1 + y - p)/2.
3
Let n = -7 + 2. Let v(d) = -5*d**2 + 3*d - 6. Let s(q) = 6*q**2 - 3*q + 7. Let t(y) = 6*s(y) + 7*v(y). What are the prime factors of t(n)?
2, 5
Let o(f) = -3*f**3 - 2*f**2 + 5*f - 6. What are the prime factors of o(-3)?
2, 3, 7
Let f = -18 + 19. Let y = 7 + f. List the prime factors of y.
2
Let q(f) = f**2. Let m(s) = 2*s**2 - 4*s - 2. Let u(o) = -m(o) + 3*q(o). Let b be u(-5). Suppose -3*v - 20 = -b*v. What are the prime factors of v?
5
Let r be (-15)/4 + (-2)/8. Let t = r - -3. What are the prime factors of -2 - -1 - 5*t?
2
Suppose -2*j - 2*u = 3*u + 15, -u - 3 = -2*j. Let c = 7 - 5. List the prime factors of c - (j - (-4)/(-2)).
2
Let o be -2 + (2 - -1)*2. Suppose 5*v - 6 = o. Suppose -8 = -v*b + 2*w, 5*w - w - 56 = -5*b. What are the prime factors of b?
2
Let n(s) = s**2 + 4*s. Let p be n(-4). Let k = 3 + 0. Suppose 0 = 4*t + k*f - p*f - 95, -5*f = -2*t + 41. List the prime factors of t.
23
Let r be ((-1)/(-2))/(1/10). Let z(n) = -n + 16. Let w be z(11). Suppose -w*u = 2*l - 47, r*l + 0*l = u - 31. What are the prime factors of u?
11
Let b = -2 + 8. Let d = -8 + b. What are the prime factors of ((-1)/d)/(5/150)?
3, 5
Let w(b) = -8*b + 1. Let i be ((-5)/10)/((-1)/(-12)). List the prime factors of w(i).
7
Suppose 3*c - 157 = -5*w - 0*w, 0 = -w + 2. Let a = -34 + c. List the prime factors of a.
3, 5
Let y be (36/45)/(2/(-10)). List the prime factors of (y - (-6 - -3))*-29.
29
Suppose -3*f + 4*g + 30 = 0, 3*f + 3*g + 2*g = 3. What are the prime factors of f*(2 - 0)/2?
2, 3
Suppose 0 = -2*i + i. Let u be 42/(3 - i) - 0. Suppose 2*x = 2*y - u, -y - x = 3*y - 13. What are the prime factors of y?
2
Let h(c) = 5*c**2 - c**2 + 20 - 2*c - c**3 - 21. List the prime factors of h(3).
2
Let z be ((-4)/(-5))/(1/65). Suppose 3*a - 48 = -4*i, -6*i - 4*a + z = -2*i. List the prime factors of i.
3
List the prime factors of 0 + 2 - 640/(-10).
2, 3, 11
Suppose p = 3*p + 26. Let x = -6 - p. List the prime factors of x.
7
Let b = 12 - 8. What are the prime factors of b?
2
Let v(k) = -4*k - 10. Let y be v(-7). Suppose -2*i + 0*i + 10 = 0. Suppose i*s = y + 17. What are the prime factors of s?
7
List the prime factors of (3675/20)/(-3)*-4.
5, 7
Suppose -5*i = 25, 8*u - 3*u + 4*i = 65. What are the prime factors of u?
17
Let i(y) = y**3 - 5*y**2 + 4*y. Let d be i(4). Suppose 0 = -0*l + 3*l, d = -k + 4*l + 6. List the prime factors of 1/(-6)*-3*k.
3
Suppose 2*g = -2*i + 20, -4*i - i - 76 = -4*g. Let b = g - 8. List the prime factors of b.
2, 3
Suppose -2*c + 81 + 31 = 0. Suppose 2*m + 4*o = c, 0 = -3*m + o + o + 84. Suppose 2*y = 4*z - y - 23, 4*y + m = 5*z. List the prime factors of z.
2
Suppose -2*k = k + 42. Let j = 22 + k. Let c = j + 1. What are the prime factors of c?
3
Suppose -b + 2*b = 23. Let q = 8 + -6. Suppose 5*g - 17 = -2*u, 0*u = -q*u + g + b. List the prime factors of u.
11
Suppose -4*m - 86 = -2*t, -t + 3*t - 2*m - 76 = 0. Let f(k) = 5*k**2 - 3*k - 3. Let p be f(-2). Let r = t - p. What are the prime factors of r?
2, 5
Let h be (2/1)/(2/4). Let x be (3/(-6))/((-2)/h). Let p = 10 - x. List the prime factors of p.
3
Let w be (-148)/(-28) - (-2)/(-7). Let f(n) = -n**2 + 16*n - 14. Let b be f(12). Suppose 0 = -k + w*p + 3, -5*k + k - 2*p = -b. What are the prime factors of k?
2
Suppose -14 = -w + 1. Suppose 3*q = -2*v + w, 0*q = -4*v + q + 9. What are the prime factors of v?
3
Suppose 0 = -f + 5, 5*q - f - 160 = 3*f. What are the prime factors of q?
2, 3
List the prime factors of 4 + 1 + (0 - 3).
2
Let r = -5 - -7. Suppose r*z = -z. Let u(f) = -f + 17. List the prime factors of u(z).
17
Let a(d) = d**2 + 4*d + 3. Suppose -2*q + 5*u - 6 + 3 = 0, -u - 21 = 5*q. What are the prime factors of a(q)?
3
Let w be -3 - (11 - (-3 + 2)). Let c = -3 - w. List the prime factors of c.
2, 3
Let j = -3 - -11. List the prime factors of j.
2
Let q(m) = 3*m**2 + 4*m - 6. List the prime factors of q(4).
2, 29
Suppose -28 = -4*z + 12. Suppose 5*q + x = 18, -3*q - x = -0*x - z. Suppose 24 = q*g - g. What are the prime factors of g?
2
Let w(s) = -8*s + 1. Let l be w(1). Let a = -6 + l. What are the prime factor